299 a multiple of 146?
False
Is 444068 a multiple of 13?
False
Does 136 divide 1137912?
True
Is 101 a factor of 1869938?
False
Does 420 divide 308700?
True
Does 80 divide 91600?
True
Does 269 divide 889852?
True
Is 53 a factor of 225568?
True
Is 14 a factor of 23514?
False
Is 262430 a multiple of 14?
True
Is 64437 a multiple of 85?
False
Does 5 divide 2665663?
False
Is 10179096 a multiple of 156?
False
Is 79 a factor of 197973?
False
Is 18 a factor of 27900?
True
Is 1067 a factor of 9039512?
False
Does 38 divide 533824?
True
Is 85 a factor of 5072896?
False
Is 247314 a multiple of 47?
True
Is 4156223 a multiple of 264?
False
Is 1285457 a multiple of 7?
False
Is 1062672 a multiple of 39?
True
Does 17 divide 23222?
True
Is 8955677 a multiple of 184?
False
Does 3 divide 1131257?
False
Is 4789017 even?
False
Is 48 a factor of 7809006?
False
Does 105 divide 6408465?
True
Is 8 a factor of 149475?
False
Does 459 divide 4550067?
True
Does 110 divide 319567?
False
Is 997199 a multiple of 47?
True
Is 2820690 a multiple of 270?
True
Is 71 a factor of 520714?
True
Does 46 divide 16884891?
False
Is 6 a factor of 87591?
False
Is 3657062 a multiple of 30?
False
Is 11 a factor of 22?
True
Is 160 a factor of 5281920?
True
Does 356 divide 143085?
False
Is 2 a factor of 11500?
True
Is 68 a factor of 1388330?
False
Does 6 divide 7316082?
True
Does 610 divide 4794591?
False
Is 139483 a multiple of 50?
False
Is 121653 a multiple of 7?
True
Is 369463 a multiple of 18?
False
Is 226773 a multiple of 227?
True
Does 45 divide 223278?
False
Is 605306 a multiple of 62?
True
Does 10 divide 106118?
False
Is 89351 a multiple of 166?
False
Is 752378 a multiple of 11?
True
Is 5 a factor of 97048?
False
Does 31 divide 97905?
False
Is 241 a factor of 70584?
False
Is 5192107 a multiple of 11?
False
Is 5752405 a multiple of 266?
False
Is 127 a factor of 256921?
True
Is 10 a factor of 72017?
False
Is 62 a factor of 980654?
True
Does 35 divide 7102?
False
Is 2178816 a multiple of 384?
True
Is 484 a factor of 2181388?
True
Is 657 a factor of 961191?
True
Is 9284892 a multiple of 16?
False
Does 42 divide 403662?
True
Is 246236 a multiple of 10?
False
Is 225388 a multiple of 5?
False
Does 309 divide 8065360?
False
Is 1347690 a multiple of 30?
True
Does 53 divide 129912?
False
Is 15 a factor of 5765?
False
Does 12 divide 9305?
False
Is 260 a factor of 2537080?
True
Does 12 divide 7625090?
False
Is 490 a factor of 2201272?
False
Is 105589 a multiple of 2?
False
Is 8708971 a multiple of 88?
False
Is 176 a factor of 237264?
False
Is 504 a factor of 208584?
False
Is 2537176 a multiple of 32?
False
Is 82 a factor of 408278?
True
Does 13 divide 159500?
False
Is 755860 a multiple of 140?
True
Is 6 a factor of 22245?
False
Is 5 a factor of 181811?
False
Is 368 a factor of 4978672?
True
Is 18 a factor of 25085?
False
Does 31 divide 3341560?
False
Is 114 a factor of 1397868?
True
Does 58 divide 718237?
False
Does 232 divide 182816?
True
Is 1715500 a multiple of 292?
True
Is 1484 a factor of 8405376?
True
Is 97510 a multiple of 23?
False
Is 13 a factor of 1315268?
False
Is 39 a factor of 42025?
False
Is 36 a factor of 3526056?
True
Does 204 divide 3220344?
True
Is 111447 a multiple of 9?
True
Is 131597 even?
False
Is 2518347 a multiple of 1180?
False
Does 85 divide 1212780?
True
Does 14 divide 11876130?
True
Is 235 a factor of 7666212?
False
Does 874 divide 7933298?
True
Is 11140145 a multiple of 293?
False
Does 291 divide 3114248?
False
Is 20 a factor of 9701600?
True
Is 342896 a multiple of 8?
True
Does 187 divide 3925130?
True
Does 28 divide 209804?
True
Is 12 a factor of 146852?
False
Is 34 a factor of 24060?
False
Does 4 divide 891298?
False
Does 110 divide 987103?
False
Does 486 divide 456840?
True
Does 77 divide 78631?
False
Does 105 divide 3971415?
True
Does 618 divide 110314?
False
Is 68 a factor of 602480?
True
Does 574 divide 2864834?
True
Is 23 a factor of 13259?
False
Is 265167 a multiple of 4?
False
Does 14 divide 2065054?
False
Does 13 divide 19172012?
False
Is 48042 a multiple of 1413?
True
Is 3323003 a multiple of 21?
False
Does 110 divide 3407859?
False
Is 26 a factor of 583788?
False
Is 43 a factor of 43780?
False
Does 284 divide 13348?
True
Is 29772 a multiple of 2?
True
Is 2281120 a multiple of 1345?
True
Is 6041058 a multiple of 43?
False
Is 114 a factor of 331854?
True
Is 114 a factor of 186022?
False
Is 649 a factor of 1052678?
True
Is 114 a factor of 143868?
True
Is 185 a factor of 188700?
True
Is 110 a factor of 7920440?
True
Does 79 divide 1109958?
False
Is 19536350 a multiple of 32?
False
Is 1794702 a multiple of 13?
True
Does 31 divide 372682?
True
Is 53504 a multiple of 76?
True
Is 87 a factor of 373115?
False
Is 108 a factor of 291384?
True
Is 5782128 a multiple of 15?
False
Is 145396 a multiple of 269?
False
Does 43 divide 711262?
False
Does 1339 divide 8048650?
False
Is 22 a factor of 857951?
False
Does 2 divide 78369?
False
Is 169 a factor of 1066559?
True
Does 285 divide 5027786?
False
Does 36 divide 46260?
True
Is 10 a factor of 10980?
True
Is 17227 a multiple of 284?
False
Does 123 divide 412296?
True
Does 5 divide 138474?
False
Is 241 a factor of 3118058?
True
Is 112100 a multiple of 95?
True
Is 17 a factor of 29234?
False
Is 25 a factor of 45125?
True
Does 26 divide 36239?
False
Does 21 divide 283012?
False
Is 36 a factor of 10250?
False
Is 54 a factor of 31097?
False
Is 35 a factor of 30205?
True
Is 410400 a multiple of 95?
True
Is 102774 a multiple of 6?
True
Does 14 divide 95284?
True
Does 9 divide 41814?
True
Is 628836 a multiple of 682?
False
Is 427 a factor of 729713?
False
Does 467 divide 1225362?
False
Is 2974843 a multiple of 585?
False
Is 661 a factor of 1775346?
False
Does 171 divide 846160?
False
Is 659 a factor of 4147994?
False
Does 346 divide 1028040?
False
Is 2 a factor of 30210?
True
Is 33 a factor of 46794?
True
Is 168831 a multiple of 507?
True
Is 676280 a multiple of 226?
False
Does 21 divide 783384?
True
Is 63 a factor of 2160606?
False
Is 167505 a multiple of 9?
False
Is 724416 a multiple of 6?
True
Does 342 divide 2195519?
False
Does 41 divide 498150?
True
Does 515 divide 7292915?
True
Is 17 a factor of 190995?
True
Does 52 divide 49448?
False
Does 50 divide 8436450?
True
Is 10 a factor of 120842?
False
Does 16 divide 3281613?
False
Is 193320 a multiple of 216?
True
Is 833392 a multiple of 98?
True
Does 22 divide 324808?
True
Does 129 divide 225105?
True
Is 7 a factor of 13435249?
False
Does 872 divide 962688?
True
Is 115 a factor of 117436?
False
Is 303679 a multiple of 188?
False
Does 61 divide 886030?
False
Is 2 even?
True
Does 30 divide 2272340?
False
Is 259 a factor of 220162?
False
Is 2344 a multiple of 4?
True
Is 460598 even?
True
Is 222690 a multiple of 15?
True
Is 2860141 a multiple of 21?
False
Is 24597 a multiple of 44?
False
Is 2033318 a multiple of 11?
False
Is 339 a factor of 193633?
False
Does 216 divide 56782?
False
Is 5167318 a multiple of 40?
False
Does 46 divide 12190?
True
Is 62279 a multiple of 10?
False
Is 28 a factor of 25452?
True
Is 658291 a multiple of 389?
False
Does 234 divide 3489527?
False
Is 270842 a multiple of 79?
False
Is 12294 a multiple of 6?
True
Does 53 divide 418586?
False
Does 578 divide 414426?
True
Is 14324992 a multiple of 1408?
True
Does 32 divide 78817?
False
Is 95 a factor of 1505766?
False
Is 1644825 a multiple of 455?
True
Does 4 divide 18316?
True
Does 5 divide 27570?
True
Does 16 divide 364444?
False
Is 7963346 a multiple of 626?
True
Is 383 a factor of 1568522?
False
Is 18 a factor of 10635?
False
Is 18384 a multiple of 16?
True
Is 13 a factor of 1530515?
False
Is 154 a factor of 2192190?
True
Does 2 divide 75286?
True
Is 9 a factor of 78003?
True
Does 4 divide 31328?
True
Is 210 a factor of 686490?
True
Does 12 divide 24949?
False
Is 90640 a multiple of 80?
True
Does 149 divide 623863?
True
Is 238221 a multiple of 10?
False
Is 26 a factor of 280436?
True
Does 85 divide 120142?
False
Does 37 divide 645865?
False
Is 78206 a multiple of 28?
False
Is 2672338 a multiple of 87?
False
Is 3069 a multiple of 11?
True
Is 695682 a multiple of 234?
True
Does 13 divide 1167733?
False
Is 9008679 a multiple of 634?
False
Is 140709 a multiple of 21?
False
Is 4941418 a multiple of 28?
False
Is 193